{"id":26,"date":"2009-03-11T22:38:28","date_gmt":"2009-03-11T21:38:28","guid":{"rendered":"http:\/\/www.libertemh3.fr\/?page_id=26"},"modified":"2018-02-09T21:20:14","modified_gmt":"2018-02-09T20:20:14","slug":"conseil-syndical","status":"publish","type":"page","link":"https:\/\/www.libertemh3.fr\/?page_id=26","title":{"rendered":"Conseil syndical"},"content":{"rendered":"<p>Le conseil syndical est compos\u00e9 de copropri\u00e9taires <span style=\"text-decoration: underline;\">b\u00e9n\u00e9voles<\/span>.<\/p>\n<p>Ils travaillent au contr\u00f4le des comptes de la copropri\u00e9t\u00e9, \u00e0 la gestion de l&#8217;ensemble immobilier, \u00e0 l\u2019information des copropri\u00e9taires et locataires.<\/p>\n<p>Organis\u00e9es autour du pr\u00e9sident, 3 principales <strong>commissions <\/strong>:<\/p>\n<p>&#8211; Commission <strong>Travaux <\/strong>:<\/p>\n<ul>\n<li>Etude et cahier des charges<\/li>\n<li>Devis<\/li>\n<li>Appel d\u2019offres<\/li>\n<li>Suivi des travaux<\/li>\n<\/ul>\n<p>&#8211; Commission <strong>Financi\u00e8re <\/strong>:<\/p>\n<ul>\n<li>Comptabilit\u00e9<\/li>\n<li>Contr\u00f4le budg\u00e9taire<\/li>\n<li>R\u00e9duction des co\u00fbts<\/li>\n<li>Suivi des arri\u00e9r\u00e9s<\/li>\n<li>Analyse budget annuel<\/li>\n<\/ul>\n<p>&#8211; Commission <strong>Information <\/strong>:<\/p>\n<ul>\n<li>R\u00e9daction des contenus.<\/li>\n<li>Mise \u00e0 jour des informations<\/li>\n<li>Animation site web<\/li>\n<li>Note ascenseur<\/li>\n<li>Article dans &#8220;le bateau ivre&#8221;<\/li>\n<\/ul>\n<p>Les commissions compl\u00e9mentaires g\u00e8rent des aspects <span style=\"text-decoration: underline;\">sp\u00e9cifiques <\/span>:<\/p>\n<p>Commission <strong>r\u00e8glement de copropri\u00e9t\u00e9 et personnel copropri\u00e9t\u00e9<br \/>\n<\/strong><\/p>\n<p>Commission <strong>Espaces verts<\/strong><\/p>\n<p>Le conseil syndical se <span style=\"text-decoration: underline;\">r\u00e9unit 1 fois par mois<\/span> pour \u00e9tudier l&#8217;ensemble des dossiers.<\/p>\n<p>Certaines personnes ayant des <span style=\"text-decoration: underline;\">comp\u00e9tences professionnelles<\/span> utiles \u00e0 un dossier (ex : armoires \u00e9lectriques, chauffage&#8230;) peuvent intervenir ponctuellement, sans faire partie du conseil.<\/p>\n<p>Nous <span style=\"text-decoration: underline;\">invitions<\/span> les personnes ayant ce type de comp\u00e9tences \u00e0 prendre contact avec nous (voir <a href=\"https:\/\/www.libertemh3.fr\/?page_id=158\" target=\"_blank\" rel=\"noopener noreferrer\">page contact<\/a>).<\/p>\n<p>Vous <span style=\"text-decoration: underline;\">souhaitez<\/span> aider dans la gestion de l&#8217;immeuble ? Vous avez des id\u00e9es ? Vous avez des comp\u00e9tences ? Devenez membres du conseil syndical en vous pr\u00e9sentant \u00e0 la prochaine AG.<\/p>\n<p>Pas d&#8217;inqui\u00e9tude \u00e0 avoir, l&#8217;ambiance est agr\u00e9able et toute participation, m\u00eame minime, sera la bienvenue.<\/p>\n","protected":false},"excerpt":{"rendered":"<p>Le conseil syndical est compos\u00e9 de copropri\u00e9taires b\u00e9n\u00e9voles. Ils travaillent au contr\u00f4le des comptes de la copropri\u00e9t\u00e9, \u00e0 la gestion de l&#8217;ensemble immobilier, \u00e0 l\u2019information des copropri\u00e9taires et locataires. Organis\u00e9es autour du pr\u00e9sident, 3 principales commissions : &#8211; Commission Travaux &hellip; <a href=\"https:\/\/www.libertemh3.fr\/?page_id=26\">Continuer la lecture <span class=\"meta-nav\">&rarr;<\/span><\/a><\/p>\n","protected":false},"author":1,"featured_media":0,"parent":0,"menu_order":3,"comment_status":"open","ping_status":"closed","template":"","meta":{"om_disable_all_campaigns":false,"_monsterinsights_skip_tracking":false,"_monsterinsights_sitenote_active":false,"_monsterinsights_sitenote_note":"","_monsterinsights_sitenote_category":0,"_uf_show_specific_survey":0,"_uf_disable_surveys":false,"ngg_post_thumbnail":0,"footnotes":""},"class_list":["post-26","page","type-page","status-publish","hentry"],"aioseo_notices":[],"_links":{"self":[{"href":"https:\/\/www.libertemh3.fr\/index.php?rest_route=\/wp\/v2\/pages\/26","targetHints":{"allow":["GET"]}}],"collection":[{"href":"https:\/\/www.libertemh3.fr\/index.php?rest_route=\/wp\/v2\/pages"}],"about":[{"href":"https:\/\/www.libertemh3.fr\/index.php?rest_route=\/wp\/v2\/types\/page"}],"author":[{"embeddable":true,"href":"https:\/\/www.libertemh3.fr\/index.php?rest_route=\/wp\/v2\/users\/1"}],"replies":[{"embeddable":true,"href":"https:\/\/www.libertemh3.fr\/index.php?rest_route=%2Fwp%2Fv2%2Fcomments&post=26"}],"version-history":[{"count":14,"href":"https:\/\/www.libertemh3.fr\/index.php?rest_route=\/wp\/v2\/pages\/26\/revisions"}],"predecessor-version":[{"id":2077,"href":"https:\/\/www.libertemh3.fr\/index.php?rest_route=\/wp\/v2\/pages\/26\/revisions\/2077"}],"wp:attachment":[{"href":"https:\/\/www.libertemh3.fr\/index.php?rest_route=%2Fwp%2Fv2%2Fmedia&parent=26"}],"curies":[{"name":"wp","href":"https:\/\/api.w.org\/{rel}","templated":true}]}}