{"id":117,"date":"2009-04-07T21:36:44","date_gmt":"2009-04-07T20:36:44","guid":{"rendered":"http:\/\/www.libertemh3.fr\/?page_id=117"},"modified":"2009-05-04T10:06:37","modified_gmt":"2009-05-04T09:06:37","slug":"acri-liberte","status":"publish","type":"page","link":"https:\/\/www.libertemh3.fr\/?page_id=117","title":{"rendered":"ACRI Libert\u00e9"},"content":{"rendered":"<div class=\"Section1\">\n<h1 style=\"margin-right: -102.7pt;\"><span style=\"font-size: 20pt; font-family: Arial; letter-spacing: 3pt;\"><img loading=\"lazy\" decoding=\"async\" class=\"size-thumbnail wp-image-122 alignleft\" style=\"margin: 10px;\" title=\"acri\" src=\"https:\/\/www.libertemh3.fr\/wp-content\/uploads\/2009\/04\/acri-150x150.png\" alt=\"acri\" width=\"150\" height=\"150\" \/>ACRI &#8211; LIBERTE<\/span><\/h1>\n<h1 style=\"margin-right: -102.7pt;\"><em><span style=\"font-size: 9pt; font-family: Arial; font-weight: normal;\">(association loi 1901)<\/span><\/em><\/h1>\n<p class=\"MsoNormal\" style=\"margin-right: -102.7pt;\"><span style=\"font-size: 11pt; font-family: Arial;\">28-40 rue Salvador Allende\u00a0 92000 NANTERRE<\/span><\/p>\n<p class=\"MsoNormal\" style=\"margin-right: -102.7pt;\"><span style=\"font-size: 11pt; font-family: Arial;\">T\u00e9l. 01 47 21 59 75 (permanence le mercredi 21h &#8211; 22h)<\/span><\/p>\n<div style=\"padding: 0cm 0cm 1pt; border: medium medium 1pt none none solid -moz-use-text-color -moz-use-text-color windowtext;\">\n<p class=\"MsoNormal\" style=\"border: medium none; padding: 0cm; text-align: justify;\"><span style=\"font-size: 11pt; font-family: Arial;\">e-Mail : acriliberte@yahoo.fr<\/span><\/p>\n<p class=\"MsoNormal\" style=\"border: medium none; padding: 0cm; text-align: justify;\">\u00a0<\/p>\n<\/div>\n<p class=\"MsoNormal\" style=\"text-align: justify;\">\u00a0<\/p>\n<hr \/>\n<p>\u00a0<\/p><\/div>\n<div class=\"Section1\">\n<p class=\"MsoNormal\" style=\"text-align: center;\" align=\"center\"><strong><span style=\"font-size: 21pt; font-family: Arial; text-transform: uppercase;\">l&#8217;ACRI <\/span><\/strong><strong><span style=\"font-size: 21pt; font-family: Arial;\">en quelques mots<span style=\"text-transform: uppercase;\">&#8230;<\/span><\/span><\/strong><\/p>\n<p class=\"MsoNormal\" style=\"text-align: justify; line-height: 12pt;\">\u00a0<\/p>\n<p class=\"MsoNormal\" style=\"text-align: justify;\"><span style=\"font-size: 11pt; font-family: Arial;\">Le quartier o\u00f9 nous vivons est un morceau de banlieue comme tant d&#8217;autres : la D\u00e9fense d&#8217;un c\u00f4t\u00e9, le Parc Andr\u00e9 Malraux de l&#8217;autre, des chantiers qui n&#8217;en finissent jamais\u2026 et des immeubles g\u00e9ants qui flottent au milieu d&#8217;un oc\u00e9an de b\u00e9ton. Pour \u00e9chapper \u00e0 la froideur inhumaine des grands ensembles et retrouver l&#8217;atmosph\u00e8re chaleureuse d&#8217;un village, l&#8217;association ACRI-Libert\u00e9 donne aux habitants l&#8217;occasion de se rencontrer, de se parler, de s&#8217;entraider en participant \u00e0 toutes sortes d&#8217;activit\u00e9s et d&#8217;animations qui ne sont pas une fin en soi mais un moyen pour r\u00e9apprendre \u00e0 vivre ensemble, \u00e0 vivre bien.<\/span><\/p>\n<p class=\"MsoNormal\" style=\"text-align: justify;\">\u00a0\u00a0<\/p>\n<p class=\"MsoBodyText\" style=\"margin: 0cm 42.6pt 0.0001pt 42.55pt; line-height: normal;\"><span style=\"font-size: 11pt; font-family: Arial;\">L&#8217;ACRI-Libert\u00e9 est install\u00e9e dans l&#8217;immeuble &#8220;Le Libert\u00e9&#8221; et r\u00e9unit aujourd&#8217;hui une centaine de familles de tout le quartier Nord du Parc. <\/span><\/p>\n<p class=\"MsoNormal\" style=\"margin: 0cm 42.6pt 0.0001pt 42.55pt; text-align: justify;\"><strong><\/strong><\/p>\n<p class=\"MsoNormal\" style=\"margin: 0cm 42.6pt 0.0001pt 42.55pt; text-align: justify;\"><strong><span style=\"font-size: 11pt; font-family: Arial;\">Ouverte \u00e0 tous, elle est totalement organis\u00e9e et g\u00e9r\u00e9e par des b\u00e9n\u00e9voles. <\/span><\/strong><\/p>\n<p class=\"MsoNormal\" style=\"margin: 0cm 42.6pt 0.0001pt 42.55pt; text-align: justify;\"><strong><\/strong><\/p>\n<p class=\"MsoNormal\" style=\"margin: 0cm 42.6pt 0.0001pt 42.55pt; text-align: justify;\"><strong><span style=\"font-size: 11pt; font-family: Arial;\">Elle ne vit que par le dynamisme et la participation active de ses membres.<\/span><\/strong><\/p>\n<p class=\"MsoNormal\" style=\"margin: 0cm 42.6pt 0.0001pt 42.55pt; text-align: justify;\"><strong><\/strong><\/p>\n<p class=\"MsoNormal\" style=\"text-align: justify;\">\u00a0<\/p>\n<p class=\"MsoNormal\" style=\"text-align: justify;\">\u00a0Elle d\u00e9veloppe son action dans quatre directions :<\/p>\n<p class=\"MsoNormal\" style=\"text-align: justify;\">\u00a0<\/p>\n<\/div>\n<div class=\"Section2\">\n<ul>\n<li><strong><em><span style=\"text-decoration: underline;\"><span style=\"font-size: 11pt; font-family: Arial;\">les activit\u00e9s ludiques, \u00e9ducatives ou sportives<\/span><\/span><\/em><\/strong><span style=\"font-size: 11pt; font-family: Arial;\"> propos\u00e9es sur place aux jeunes et aux adultes : peinture, sculpture, danse, ta\u00ef-chi-chuan, natation, gymnastique, stages de magie et de vitrail, etc. Notre objectif n&#8217;est pas de former des champions ou des virtuoses mais de permettre \u00e0 tous, jeunes et moins jeunes, de d\u00e9couvrir et s&#8217;exercer avec plaisir.<\/span><\/li>\n<\/ul>\n<p class=\"MsoNormal\" style=\"margin-left: 21.3pt; text-align: justify; text-indent: -21.3pt;\">\u00a0<\/p>\n<ul>\n<li><strong><em><span style=\"text-decoration: underline;\"><span style=\"font-size: 11pt; font-family: Arial;\">l&#8217;urbanisme et l&#8217;environnement<\/span><\/span><\/em><\/strong><span style=\"font-size: 11pt; font-family: Arial;\">, parce que vivre mieux, c&#8217;est plus facile dans un quartier bien fait. Le n\u00f4tre est en perp\u00e9tuel changement et les habitants veulent \u00eatre associ\u00e9s aux d\u00e9cisions d&#8217;am\u00e9nagement. L&#8217;association est agr\u00e9\u00e9e pour cela et peut agir : enqu\u00eate, information, participation et p\u00e9tition !<\/span><\/li>\n<\/ul>\n<p class=\"MsoNormal\" style=\"text-align: justify;\">\u00a0<\/p>\n<ul>\n<li><strong><em><span style=\"text-decoration: underline;\"><span style=\"font-size: 11pt; font-family: Arial;\">les f\u00eates et manifestations<\/span><\/span><\/em><\/strong><span style=\"font-size: 11pt; font-family: Arial;\">, o\u00f9 tous les habitants sont les bienvenus : pot d&#8217;accueil, randonn\u00e9es familiales, f\u00eate de la Saint Jean, vide-grenier, soir\u00e9es \u00e0 th\u00e8mes, conf\u00e9rences, sorties au th\u00e9\u00e2tre et autres, autant d&#8217;occasions pour tous de se retrouver et de se distraire.<\/span><\/li>\n<\/ul>\n<p class=\"MsoNormal\" style=\"text-align: justify;\">\u00a0<\/p>\n<ul>\n<li><strong><em><span style=\"text-decoration: underline;\"><span style=\"font-size: 11pt; font-family: Arial;\">les rencontres et<\/span><\/span><\/em><\/strong><em><span style=\"text-decoration: underline;\"><span style=\"font-size: 11pt; font-family: Arial;\"> <strong>la communication<\/strong><\/span><\/span><\/em><span style=\"font-size: 11pt; font-family: Arial;\"> avec &#8220;les mercredis de l&#8217;ACRI&#8221; (permanence), la biblioth\u00e8que, une adresse e-mail et un journal, <strong>le Bateau Ivre<\/strong>, magazine auquel n&#8217;importe qui peut contribuer et diffus\u00e9 gratuitement \u00e0 700 exemplaires. Les informations sur l&#8217;association et le quartier y voisinent avec des reportages, des nouvelles, des BD, des recettes, des po\u00e8mes, au gr\u00e9 de l&#8217;imagination des r\u00e9dacteurs.<\/span><\/li>\n<\/ul>\n<\/div>\n<p><span style=\"font-size: 11pt; font-family: Arial;\"><br style=\"page-break-before: auto;\" \/><\/span><\/p>\n<p class=\"MsoNormal\" style=\"text-align: justify;\">\u00a0\u00a0<\/p>\n<p class=\"MsoBodyText2\" style=\"text-align: center; line-height: normal;\" align=\"center\"><span style=\"font-size: 12pt;\">Le r\u00e9sultat ? Une vie associative intense d\u00e9velopp\u00e9e par nous-m\u00eames, sur place\u2026 Une solidarit\u00e9 de proximit\u00e9, un rem\u00e8de efficace contre l&#8217;ennui et la solitude.<\/span><\/p>\n<p class=\"MsoHeader\">\u00a0<\/p>\n<p class=\"MsoBodyText2\" style=\"text-align: center; line-height: normal;\" align=\"center\"><strong><em><span style=\"font-size: 16pt;\">Alors\u2026?\u00a0 Vous venez avec nous ?\u00a0 Nous vous attendons !<\/span><\/em><\/strong><\/p>\n<div style=\"border-right: medium none; padding-right: 0cm; border-top: windowtext 1pt solid; padding-left: 0cm; padding-bottom: 0cm; border-left: medium none; padding-top: 1pt; border-bottom: medium none; mso-element: para-border-div; mso-border-top-alt: solid windowtext .5pt;\">\n<p class=\"MsoFooter\" style=\"margin: 0cm 0cm 0pt; text-align: center; mso-border-top-alt: solid windowtext .5pt; tab-stops: 14.2pt center 8.0cm right 16.0cm; mso-padding-alt: 1.0pt 0cm 0cm 0cm; padding: 0cm;\" align=\"center\"><span style=\"font-size: 8pt; font-family: Arial; mso-bidi-font-size: 10.0pt;\" lang=\"FR\">Association d&#8217;Animation, du Cadre de vie, de Recherche et d&#8217;Information du quartier du Parc de Nanterre-La D\u00e9fense<\/span><\/p>\n<\/div>\n<p class=\"MsoFooter\" style=\"margin: 0cm 0cm 0pt; text-align: center; tab-stops: 14.2pt center 8.0cm right 16.0cm;\" align=\"center\"><span style=\"font-size: 8pt; font-family: Arial; mso-bidi-font-size: 10.0pt;\" lang=\"FR\">D\u00e9claration n\u00b0 76553 le 22.04.76 \u00e0 la Pr\u00e9fecture de Police, n\u00b0 248925 le 30.12.77 \u00e0 la Pr\u00e9fecture des Hauts-de-Seine<\/span><\/p>\n<p class=\"MsoFooter\" style=\"margin: 0cm 0cm 0pt; text-align: center; tab-stops: 14.2pt center 8.0cm right 16.0cm;\" align=\"center\"><span style=\"font-size: 8pt; font-family: Arial; mso-bidi-font-size: 10.0pt;\" lang=\"FR\">Agr\u00e9ments Jeunesse et Education Populaire n\u00b0 92\/JEP\/44 le 10.03.05 et Code de l&#8217;Urbanisme (articles L 121.8 et L 160.1) le 13.06.80<\/span><\/p>\n<p><!--  \/* Style Definitions *\/  p.MsoNormal, li.MsoNormal, div.MsoNormal \t{mso-style-parent:\"\"; \tmargin:0cm; \tmargin-bottom:.0001pt; \tmso-pagination:widow-orphan; \tfont-size:10.0pt; \tfont-family:\"Times New Roman\"; \tmso-fareast-font-family:\"Times New Roman\";} p.MsoFooter, li.MsoFooter, div.MsoFooter \t{margin:0cm; \tmargin-bottom:.0001pt; \tmso-pagination:widow-orphan; \ttab-stops:center 8.0cm right 16.0cm; \tfont-size:10.0pt; \tfont-family:\"Times New Roman\"; \tmso-fareast-font-family:\"Times New Roman\";} @page Section1 \t{size:612.0pt 792.0pt; \tmargin:70.85pt 70.85pt 70.85pt 70.85pt; \tmso-header-margin:36.0pt; \tmso-footer-margin:36.0pt; \tmso-paper-source:0;} div.Section1 \t{page:Section1;} --><!--[if gte mso 10]> <mce:style><!   \/* Style Definitions *\/  table.MsoNormalTable \t{mso-style-name:\"Tableau Normal\"; \tmso-tstyle-rowband-size:0; \tmso-tstyle-colband-size:0; \tmso-style-noshow:yes; \tmso-style-parent:\"\"; \tmso-padding-alt:0cm 5.4pt 0cm 5.4pt; \tmso-para-margin:0cm; \tmso-para-margin-bottom:.0001pt; \tmso-pagination:widow-orphan; \tfont-size:10.0pt; \tfont-family:\"Times New Roman\"; \tmso-ansi-language:#0400; \tmso-fareast-language:#0400; \tmso-bidi-language:#0400;}  > <! [endif] ><\/div>\n\n\n\n\n<h5 class=\"MsoBodyText2\" style=\"text-align: left; line-height: normal;\" mce_style=\"text-align: left; line-height: normal;\">\n\n\n<div style=\"border-style: solid none none; border-color: windowtext -moz-use-text-color -moz-use-text-color; border-width: 1pt medium medium; padding: 1pt 0cm 0cm;\" mce_style=\"border-style: solid none none; border-color: windowtext -moz-use-text-color -moz-use-text-color; border-width: 1pt medium medium; padding: 1pt 0cm 0cm;\">\n\n\n<div class=\"MsoFooter\" style=\"border: medium none ; padding: 0cm; text-align: center;\" mce_style=\"border: medium none ; padding: 0cm; text-align: center;\" align=\"center\" mce_tmp=\"1\"><span style=\"font-size: 8pt; font-family: Arial;\" mce_style=\"font-size: 8pt; font-family: Arial;\">Association d'Animation, du Cadre de vie, de Recherche et d'Information du quartier du Parc de Nanterre-La D\u00e9fense<\/span><\/div>\n\n\n<\/div>\n\n\n\n\n<div class=\"MsoFooter\" style=\"text-align: center;\" mce_style=\"text-align: center;\" align=\"center\" mce_tmp=\"1\"><span style=\"font-size: 8pt; font-family: Arial;\" mce_style=\"font-size: 8pt; font-family: Arial;\">D\u00e9claration n\u00b0 76553 le 22.04.76 \u00e0 la Pr\u00e9fecture de Police, n\u00b0 248925 le 30.12.77 \u00e0 la Pr\u00e9fecture des Hauts-de-Seine<\/span><\/div>\n\n\n\n\n<div class=\"MsoFooter\" style=\"text-align: center;\" mce_style=\"text-align: center;\" align=\"center\" mce_tmp=\"1\"><span style=\"font-size: 8pt; font-family: Arial;\" mce_style=\"font-size: 8pt; font-family: Arial;\">Agr\u00e9ments Jeunesse et Education Populaire n\u00b0 92\/JEP\/44 le 10.03.05 et Code de l'Urbanisme (articles L 121.8 et L 160.1) le 13.06.80<\/span><\/div>\n\n\n\n\n<div  mce_tmp=\"1\"><\/ ><\/d ><\/div>\n\n\n\n\n<div  mce_tmp=\"1\"><\/d ><\/div>\n\n\n\n\n<div  mce_tmp=\"1\"><\/D ><\/div>\n\n\n< ><--><\/p>\n","protected":false},"excerpt":{"rendered":"<p>ACRI &#8211; LIBERTE (association loi 1901) 28-40 rue Salvador Allende\u00a0 92000 NANTERRE T\u00e9l. 01 47 21 59 75 (permanence le mercredi 21h &#8211; 22h) e-Mail : acriliberte@yahoo.fr \u00a0 \u00a0 \u00a0 l&#8217;ACRI en quelques mots&#8230; \u00a0 Le quartier o\u00f9 nous vivons &hellip; <a href=\"https:\/\/www.libertemh3.fr\/?page_id=117\">Continuer la lecture <span class=\"meta-nav\">&rarr;<\/span><\/a><\/p>\n","protected":false},"author":1,"featured_media":0,"parent":0,"menu_order":4,"comment_status":"closed","ping_status":"open","template":"","meta":{"om_disable_all_campaigns":false,"_monsterinsights_skip_tracking":false,"_monsterinsights_sitenote_active":false,"_monsterinsights_sitenote_note":"","_monsterinsights_sitenote_category":0,"_uf_show_specific_survey":0,"_uf_disable_surveys":false,"ngg_post_thumbnail":0,"footnotes":""},"class_list":["post-117","page","type-page","status-publish","hentry"],"aioseo_notices":[],"_links":{"self":[{"href":"https:\/\/www.libertemh3.fr\/index.php?rest_route=\/wp\/v2\/pages\/117","targetHints":{"allow":["GET"]}}],"collection":[{"href":"https:\/\/www.libertemh3.fr\/index.php?rest_route=\/wp\/v2\/pages"}],"about":[{"href":"https:\/\/www.libertemh3.fr\/index.php?rest_route=\/wp\/v2\/types\/page"}],"author":[{"embeddable":true,"href":"https:\/\/www.libertemh3.fr\/index.php?rest_route=\/wp\/v2\/users\/1"}],"replies":[{"embeddable":true,"href":"https:\/\/www.libertemh3.fr\/index.php?rest_route=%2Fwp%2Fv2%2Fcomments&post=117"}],"version-history":[{"count":13,"href":"https:\/\/www.libertemh3.fr\/index.php?rest_route=\/wp\/v2\/pages\/117\/revisions"}],"predecessor-version":[{"id":127,"href":"https:\/\/www.libertemh3.fr\/index.php?rest_route=\/wp\/v2\/pages\/117\/revisions\/127"}],"wp:attachment":[{"href":"https:\/\/www.libertemh3.fr\/index.php?rest_route=%2Fwp%2Fv2%2Fmedia&parent=117"}],"curies":[{"name":"wp","href":"https:\/\/api.w.org\/{rel}","templated":true}]}}